{"id":195,"date":"2017-06-01T06:10:11","date_gmt":"2017-06-01T06:10:11","guid":{"rendered":"http:\/\/dautermann-ingenieure.de\/?page_id=195"},"modified":"2017-06-01T07:54:45","modified_gmt":"2017-06-01T07:54:45","slug":"stellenangebote","status":"publish","type":"page","link":"https:\/\/dautermann-ingenieure.de\/?page_id=195","title":{"rendered":"Stellenangebote"},"content":{"rendered":"<p>Zur Verst\u00e4rkung unseres Teams haben wir zum n\u00e4chst m\u00f6glichen Zeitpunkt folgenden Ausbildungsplatz zu besetzen:<\/p>\n<ul>\n<li><span style=\"color: rgb(22, 53, 87);\"><a style=\"color: rgb(22, 53, 87);\" href=\"https:\/\/dautermann-ingenieure.de\/wp-content\/uploads\/2017\/06\/DAUTERMANN-INGENIEURE-GmbH-Stellenausschreibung-Bauzeichner-in.pdf\"> Bauzeichner\/-in<\/a><\/span><\/li>\n<\/ul>\n<p>Unser Angebot, die Anforderungen an Ihr Profil sowie den voraussichtlichen T\u00e4tigkeitsschwerpunkt entnehmen Sie bitte der hinterlegten PDF-Datei.<\/p>\n","protected":false},"excerpt":{"rendered":"<p>Zur Verst\u00e4rkung unseres Teams haben wir zum n\u00e4chst m\u00f6glichen Zeitpunkt folgenden Ausbildungsplatz zu besetzen: Bauzeichner\/-in Unser Angebot, die Anforderungen an Ihr Profil sowie den voraussichtlichen T\u00e4tigkeitsschwerpunkt entnehmen Sie bitte der hinterlegten PDF-Datei.<\/p>\n","protected":false},"author":1,"featured_media":0,"parent":0,"menu_order":0,"comment_status":"closed","ping_status":"closed","template":"layouts\/page-fullwidth.php","meta":{"ngg_post_thumbnail":0,"jetpack_post_was_ever_published":false,"footnotes":""},"class_list":["post-195","page","type-page","status-publish","hentry"],"jetpack_sharing_enabled":true,"jetpack_shortlink":"https:\/\/wp.me\/P5yOvP-39","_links":{"self":[{"href":"https:\/\/dautermann-ingenieure.de\/index.php?rest_route=\/wp\/v2\/pages\/195","targetHints":{"allow":["GET"]}}],"collection":[{"href":"https:\/\/dautermann-ingenieure.de\/index.php?rest_route=\/wp\/v2\/pages"}],"about":[{"href":"https:\/\/dautermann-ingenieure.de\/index.php?rest_route=\/wp\/v2\/types\/page"}],"author":[{"embeddable":true,"href":"https:\/\/dautermann-ingenieure.de\/index.php?rest_route=\/wp\/v2\/users\/1"}],"replies":[{"embeddable":true,"href":"https:\/\/dautermann-ingenieure.de\/index.php?rest_route=%2Fwp%2Fv2%2Fcomments&post=195"}],"version-history":[{"count":3,"href":"https:\/\/dautermann-ingenieure.de\/index.php?rest_route=\/wp\/v2\/pages\/195\/revisions"}],"predecessor-version":[{"id":211,"href":"https:\/\/dautermann-ingenieure.de\/index.php?rest_route=\/wp\/v2\/pages\/195\/revisions\/211"}],"wp:attachment":[{"href":"https:\/\/dautermann-ingenieure.de\/index.php?rest_route=%2Fwp%2Fv2%2Fmedia&parent=195"}],"curies":[{"name":"wp","href":"https:\/\/api.w.org\/{rel}","templated":true}]}}